7*c. List the prime factors of s(c).
2, 3
Let u = 831 - -467. What are the prime factors of u?
2, 11, 59
Let z(g) = g**3 + 6*g**2 + 5*g - 9. Let d be z(-4). Suppose 0 = -3*k - 5*o + 191, -6 = -k - d*o + 55. List the prime factors of k.
67
Let g(q) be the second derivative of q**7/2520 + q**6/180 - 3*q**5/40 - q**4/4 + 6*q. Let k(u) be the third derivative of g(u). List the prime factors of k(4).
23
Let d = -80 - 179. What are the prime factors of 9/4 + -2 + d/(-4)?
5, 13
Let f(s) = 9*s**2 + 2*s + 5. Let v(x) = x**2 + 1. Let n(g) = f(g) - 4*v(g). Let h be n(-1). Let q = 7 - h. List the prime factors of q.
3
Let m = 171 + -130. Suppose -5*u = 0, 3*n + 2*u - m - 73 = 0. What are the prime factors of n?
2, 19
Let g = 111 - -124. Let r = g - 161. List the prime factors of r.
2, 37
Suppose 0 = g - 6*z + 3*z - 2239, -4 = -z. List the prime factors of g.
2251
Suppose 2*z - 36 = 4*c - 0*z, 4*z = 0. Let m be ((-52)/6)/2*c. Suppose -2*o + 5*b - 15 + m = 0, 0 = -4*o + 5*b + 58. What are the prime factors of o?
17
Suppose -8*d - 921 = 279. List the prime factors of d/(2 + (-21)/6).
2, 5
Let i = -16 + 14. What are the prime factors of (i + (1 - 0))*(0 + -182)?
2, 7, 13
Suppose 0 = -4*z + 3*g + 23, -5*z + 25 = g - 6*g. Suppose 0*o + z*o = 0. List the prime factors of 2/(o + 4/146).
73
Suppose -64*d + 13*d + 33966 = 0. What are the prime factors of d?
2, 3, 37
Let p = 460 - -296. What are the prime factors of p?
2, 3, 7
Let i(l) = -5*l**2 - l - 1. Let m be i(2). Let c = 45 + m. Suppose 0 = -4*h - 0*t + 2*t + c, 5*h + t = 10. What are the prime factors of h?
3
Let v be (-3 + 28 + 4)*-1. Let l = 47 + v. What are the prime factors of l?
2, 3
Let i(q) = -q + q**2 - 5 + 3*q + 2*q**2 + 9*q. What are the prime factors of i(4)?
3, 29
Suppose -5*g = -3*g - 40. Suppose u = 20 - 18. Suppose -4*i + 20 = -4*y, 3*i = u*i - 2*y + g. What are the prime factors of i?
2, 5
Let w(y) = -y**3 - 9*y**2 - 2*y. Let z(b) = -b**2 - 11*b + 16. Let p be z(-13). Let j be w(p). Suppose r = -2*r + j. What are the prime factors of r?
2, 5
Let u(a) = -6*a + 4. Let o(c) = -2*c**2 + 2*c - 10. Let i be o(0). List the prime factors of u(i).
2
Let b be -7 - -9 - 2*-1. Let i be ((-29)/b)/((-11)/44). Let l = i + -9. List the prime factors of l.
2, 5
Let n(x) = -2*x**2 + 35*x - 12. What are the prime factors of n(6)?
2, 3, 7
Let q(j) = 20*j + 2. Suppose -b = 2*p + 9, -2*b - 2*b = -p. Let a be 1 + (b - 2) - -3. List the prime factors of q(a).
2, 11
Let y(i) = i - 11. Let p be y(12). Let u be ((-78)/24)/(p/(-4)). Let b = -6 + u. List the prime factors of b.
7
Let p be (-14)/5 - (-5)/(-25). Let s be (-16)/p + (-7)/21. List the prime factors of 32/5 + (-2)/s.
2, 3
Let z be (3/(-2))/(15/(-20)). Let o(r) = r**2 + 4*r + 2. Let q(t) = 2*t**2 + 5*t + 3. Let i(f) = z*q(f) - 3*o(f). List the prime factors of i(4).
2
What are the prime factors of -23*4*((-72)/(-9))/(-8)?
2, 23
Let l be (-16)/(-20)*(-1 + 11). Suppose 5*q = l*q - 90. Let d = q - 19. What are the prime factors of d?
11
Suppose 0 = -n + 56 + 61. Let d = -82 + n. List the prime factors of d.
5, 7
Suppose 0 = c + 4, 2*c + 3*c + 192 = 4*o. Let u = -40 - -44. Suppose 13 + o = 3*k + u*p, 0 = k - 4*p + 8. List the prime factors of k.
2, 3
Suppose 2*g - 25 + 3 = 0. Let w be g/4 - (-2)/8. Suppose u = 4*a - 6 + w, 0 = 2*a - 3*u + 11. What are the prime factors of a?
2
Suppose -33*h + 29*h + k = -645, -2*h + 295 = 5*k. List the prime factors of h.
2, 5
List the prime factors of 10045/15 - (-5)/15.
2, 5, 67
Suppose -5*o = -2*r + 3959, o = r - 2*o - 1982. List the prime factors of r.
7, 281
Suppose -4*t + t + o + 772 = 0, -254 = -t + o. Suppose -4*v - t = -5*z, 0 = 3*z - 4*v - v - 145. What are the prime factors of (-11)/z - (-142)/10?
2, 7
Suppose 0 = c - 6*c + 665. Let b = -176 + 176. Suppose 5*t - 2*x - c = 52, -4*x = b. List the prime factors of t.
37
Suppose -k = 4*x - 13, -3*x = -k - 4*k + 19. Suppose -x*i - 3*i - 15 = 0, -2*g + 10 = 2*i. List the prime factors of g.
2
Suppose 85*w - 102*w = -16031. List the prime factors of w.
23, 41
Let l = -20 + 40. Let s be 1/4 - (-55)/l. Suppose 4*f = s*o - 81, -9*o + 135 = -4*o - f. List the prime factors of o.
3
Suppose 3*u - 62 = 103. Let t be u/15 + (-1)/(-3). Suppose t*y - 132 = -2*y. What are the prime factors of y?
2, 11
Suppose -5*l + 4*h + 96 = 0, -2*l + 3*l - 4 = -3*h. List the prime factors of (l/4)/2 + (0 - -63).
5, 13
Suppose -7*f + 6*f = -19. Let z be f - (-6)/(4 + -1). Suppose 25 + 4 = 2*u + 3*t, 0 = 3*u - 3*t - z. List the prime factors of u.
2, 5
Let a(v) = v**3 + v**2 - v + 3. Let d be a(0). Suppose -r = -0*r - d. Suppose r*u = -8 + 32. List the prime factors of u.
2
Suppose -20*p + 2519 = -3941. What are the prime factors of p?
17, 19
Let g(k) = 34*k - 170. What are the prime factors of g(13)?
2, 17
Suppose -10*f = -30957 - 2563. What are the prime factors of f?
2, 419
Let l(y) = 10*y + 424. What are the prime factors of l(-11)?
2, 157
Suppose -z - 4 = -2*z. Suppose -z*v + 2*v = 76. Let j = -13 - v. List the prime factors of j.
5
Let r(j) = -42*j - 29. Let u be r(-13). Suppose v = 12*v - u. What are the prime factors of v?
47
Suppose -1 = -5*x + 34. List the prime factors of (-3)/x - (-8847)/63.
2, 5, 7
Let v(t) = t**3 - 7*t**2 + 7*t - 4. Let j be v(6). Suppose -2*d + j = -0*d. List the prime factors of (d + -2)*(-29 - 0).
29
Let g be 3*((-32)/12 - -4). Suppose 224 = g*s - 72. Let k = -24 + s. List the prime factors of k.
2, 5
List the prime factors of 7 + -9 - 3*-236.
2, 353
Suppose m - 344 = 73. Suppose -3*i - y + m = 2*i, -2*i + 177 = -3*y. Suppose -5*u + i = -91. What are the prime factors of u?
5, 7
Let i = 2319 - 1274. List the prime factors of i.
5, 11, 19
Let k = 260 + -466. Let x = k - -350. Suppose p + x = 5*p. What are the prime factors of p?
2, 3
Let s(p) = 5*p**3 + 3*p**2 - p - 3. Suppose 3*v - 2*v - 2 = 0. Let z(o) = o**3 - o**2. Let l(u) = v*z(u) + s(u). What are the prime factors of l(2)?
5, 11
Suppose -3*i = -3*b - 8466 + 1011, -2*i + 4950 = 3*b. List the prime factors of i.
3, 827
Suppose 4*z + t = 0, -t - 24 = 4*z - 6*t. Let m = z + 6. Suppose 3*l + 42 = 3*n, n + 56 = m*n - l. What are the prime factors of n?
2, 7
Let k(b) = 3*b**2 - 16*b + 8. Let a be k(5). Suppose 2*o + a*n = 3*o - 90, -84 = -o + n. What are the prime factors of o?
3
Suppose 12 = -2*q + m - 2, -q = -5*m - 2. List the prime factors of 3036/77 + q/(-14).
2, 5
Let z = -60 + 19. What are the prime factors of (3 + 0 - 4)*z?
41
Let b(f) = -f**3 + 8*f**2 - 3*f + 10. Let c be b(7). Suppose -y = -4*q + 70, -4*y - c + 13 = -q. List the prime factors of q.
17
Suppose -2*t - t = 24. Let c be (4/(-14))/((-13)/(-14) + -1). What are the prime factors of (-6)/(-2) - (t - c)?
3, 5
Suppose -76*i + 23250 = -71*i. What are the prime factors of i?
2, 3, 5, 31
Let k = -32 - -19. Let b(u) = -13*u + 52. List the prime factors of b(k).
13, 17
Let f(q) = -4*q - 62. Let i be (-9)/((-54)/(-44))*3. What are the prime factors of f(i)?
2, 13
Let z(m) = 25*m**3 - m**2 + m - 1. Let b be z(1). Let w = b + 29. List the prime factors of w.
53
Let n = -79 + 29. Let j(u) = 18*u + 1. Let o be j(-4). Let k = n - o. What are the prime factors of k?
3, 7
Let r = -1 - -8. Let v = 13 - -1. Let a = v - r. List the prime factors of a.
7
Let m = 18 - 16. Suppose 24 = 8*c - m*c. Suppose -c*d + 23 = -89. What are the prime factors of d?
2, 7
Suppose 4*n = -5*n. Suppose -4*p = -5*x + p + 120, -2*p - 8 = 0. Let a = n + x. What are the prime factors of a?
2, 5
Let o be (25 - 6)/(1/2). What are the prime factors of o - (-1 - -3)*-1 - 2?
2, 19
Let c(q) be the third derivative of -11*q**4/6 + 2*q**3/3 - 22*q**2. What are the prime factors of c(-1)?
2, 3
Let k(s) = -42*s**2 - 5*s + 2. Let r be k(-4). Let y = -448 - r. List the prime factors of y.
2, 101
Suppose 99 = t - 3*d - 128, -4*t + 878 = 3*d. List the prime factors of t.
13, 17
Let w(x) = -x - 3. Let n be w(-9). Suppose -n = -i + 2. Suppose -3*m = -i*m + 145. List the prime factors of m.
29
Suppose -6 = -2*s + 2. Let y = 75 + -51. Suppose -s*d = -3*d - y. List the prime factors of d.
2, 3
Let r(x) = -x**3 - 47*x**2 + 32*x - 60. What are the prime factors of r(-49)?
2, 3, 23
Suppose -42*v = -2*z - 47*v + 3779, 5*z - 5*v - 9500 = 0. What are the prime factors of z?
7, 271
Suppose 114 - 34 = -5*y. Let c = y